 composite?
False
Is 6190129 a prime number?
False
Is 29831 prime?
False
Is 2366599 composite?
True
Is 155917 a prime number?
False
Is 259411 composite?
False
Is 28649 prime?
True
Is 17399 composite?
True
Is 18353 composite?
False
Is 268123 a composite number?
False
Is 877 a composite number?
False
Is 41681 prime?
True
Is 6947 composite?
False
Is 8329 composite?
False
Is 3343 prime?
True
Is 907 composite?
False
Is 25241 composite?
True
Is 148793 composite?
False
Is 1949 prime?
True
Is 7481 composite?
False
Is 68059 composite?
False
Is 29399 a prime number?
True
Is 4039 composite?
True
Is 1109723 composite?
False
Is 6527719 composite?
True
Is 166781 prime?
True
Is 36811 a composite number?
True
Is 444913 composite?
True
Is 23159 composite?
False
Is 6 prime?
False
Is 494471 a composite number?
False
Is 3722 a composite number?
True
Is 1259 composite?
False
Is 150781 composite?
True
Is 21703 prime?
False
Is 4103 prime?
False
Is 37771 prime?
False
Is 4685 prime?
False
Is 59966 a prime number?
False
Is 253613 a composite number?
False
Is 20571 composite?
True
Is 192727 composite?
True
Is 97151 composite?
False
Is 580079 a composite number?
False
Is 34939 a prime number?
True
Is 16649 composite?
False
Is 180617 composite?
False
Is 57803 a composite number?
False
Is 189281 a composite number?
True
Is 42565 a prime number?
False
Is 6733 prime?
True
Is 42118 prime?
False
Is 11981 a composite number?
False
Is 4391 composite?
False
Is 46327 a composite number?
False
Is 761153 a prime number?
True
Is 12603 composite?
True
Is 10793 a prime number?
False
Is 434107 composite?
False
Is 362969 composite?
False
Is 12439 composite?
True
Is 7167 a composite number?
True
Is 19121 composite?
False
Is 139067 a prime number?
True
Is 27149 composite?
True
Is 6937 prime?
False
Is 8467 a prime number?
True
Is 481639 prime?
True
Is 10799 a prime number?
True
Is 5303 a prime number?
True
Is 206519 prime?
True
Is 261439 a prime number?
True
Is 3041893 prime?
True
Is 323693 a prime number?
False
Is 31973 a prime number?
True
Is 599669 a composite number?
True
Is 15253 a prime number?
False
Is 760453 prime?
True
Is 105751 a composite number?
False
Is 16871 a composite number?
False
Is 4201 composite?
False
Is 656437 a prime number?
False
Is 13934 a composite number?
True
Is 2999 composite?
False
Is 275647 composite?
True
Is 7207 a composite number?
False
Is 85487 composite?
False
Is 90371 a composite number?
False
Is 857309 composite?
False
Is 480371 a composite number?
True
Is 149374 prime?
False
Is 85573 a prime number?
False
Is 894097 composite?
False
Is 1982815 composite?
True
Is 13093 prime?
True
Is 42887 prime?
False
Is 19831 a prime number?
False
Is 122063 prime?
False
Is 3343 a composite number?
False
Is 12323 a prime number?
True
Is 36961 prime?
False
Is 17519 prime?
True
Is 675377 prime?
False
Is 89699 a composite number?
True
Is 73567 prime?
False
Is 1212473 prime?
True
Is 589603 a prime number?
False
Is 72843 prime?
False
Is 183383 a composite number?
False
Is 158707 composite?
True
Is 72235 prime?
False
Is 13745 a composite number?
True
Is 121039 composite?
False
Is 27211 composite?
False
Is 17077 a prime number?
True
Is 395 a prime number?
False
Is 5554 prime?
False
Is 13171 a prime number?
True
Is 63634 composite?
True
Is 6737 a composite number?
False
Is 3165163 a composite number?
False
Is 312619 prime?
True
Is 9722 prime?
False
Is 53171 a composite number?
False
Is 2499095 a prime number?
False
Is 1790279 composite?
False
Is 217883 a composite number?
True
Is 132823 a composite number?
True
Is 1378835 prime?
False
Is 318547 a prime number?
False
Is 476947 prime?
False
Is 13951 a composite number?
True
Is 42847 prime?
False
Is 3163 a composite number?
False
Is 75109 a composite number?
False
Is 118303 composite?
True
Is 266771 a composite number?
True
Is 3622 a prime number?
False
Is 22579 prime?
False
Is 9865 composite?
True
Is 32989 prime?
False
Is 8179 a composite number?
False
Is 109759 a prime number?
False
Is 12269 a composite number?
False
Is 341641 prime?
True
Is 5037991 a composite number?
True
Is 1841 composite?
True
Is 623 composite?
True
Is 6189 prime?
False
Is 7061 prime?
False
Is 4751 a composite number?
False
Is 327599 prime?
True
Is 27385 a prime number?
False
Is 1402 composite?
True
Is 883889 a prime number?
True
Is 21799 composite?
False
Is 7555 prime?
False
Is 407 composite?
True
Is 203441 prime?
False
Is 970274 prime?
False
Is 1205947 a composite number?
False
Is 123341 a composite number?
False
Is 1960207 prime?
False
Is 519074 prime?
False
Is 43217 composite?
True
Is 632267 a prime number?
True
Is 195907 composite?
False
Is 45763 composite?
False
Is 544877 composite?
False
Is 841979 prime?
True
Is 6547 composite?
False
Is 123599 composite?
True
Is 2215 prime?
False
Is 745873 composite?
False
Is 37841 composite?
True
Is 28759 a composite number?
False
Is 83209 a prime number?
False
Is 183569 prime?
True
Is 78341 a composite number?
False
Is 80113 a prime number?
False
Is 40738 a composite number?
True
Is 7669 a prime number?
True
Is 33377 a prime number?
True
Is 53759 a prime number?
True
Is 225237 a prime number?
False
Is 319 a composite number?
True
Is 33559 prime?
False
Is 31379 composite?
False
Is 300857 composite?
False
Is 53549 a composite number?
False
Is 34939 prime?
True
Is 407023 a composite number?
False
Is 1557797 prime?
True
Is 149329 a prime number?
False
Is 3047 prime?
False
Is 226271 a prime number?
False
Is 90971 a prime number?
True
Is 253229 a composite number?
False
Is 448519 composite?
False
Is 64249 a prime number?
False
Is 360631 composite?
True
Is 33727 a prime number?
False
Is 2206 composite?
True
Is 152267 composite?
False
Is 5359 a prime number?
False
Is 396559 composite?
True
Is 23 a prime number?
True
Is 122363 prime?
True
Is 673 prime?
True
Is 97673 composite?
False
Is 989 prime?
False
Is 56107 a composite number?
True
Is 111145 prime?
False
Is 164721 a composite number?
True
Is 48751 prime?
True
Is 6773 composite?
True
Is 148315 prime?
False
Is 21703 prime?
False
Is 24281 a composite number?
False
Is 77879 prime?
False
Is 110191 prime?
False
Is 488861 a prime number?
True
Is 42239 prime?
True
Is 1433603 composite?
False
Is 31549 prime?
False
Is 10991 prime?
False
Is 1604809 prime?
True
Is 7615571 prime?
True
Is 11299 composite?
False
Is 17317 composite?
False
Is 675713 prime?
True
Is 101698 composite?
True
Is 604423 prime?
False
Is 1290013 composite?
False
Is 65327 a prime number?
True
Is 211 prime?
True
Is 232591 prime?
True
Is 2161957 a composite number?
True
Is 38891 a prime number?
True
Is 21041 a composite number?
True
Is 352177 a composite number?
True
Is 61211 composite?
False
Is 9719 prime?
True
Is 15833 composite?
True
Is 72263 prime?
False
Is 3299 composite?
False
Is 7069 a composite number?
False
Is 10559 a composite number?
False
Is 153327 a composite number?
True
Is 1835671 a composite number?
True
Is 150959 composite?
False
Is 14435 composite?
True
Is 195205 a prime number?
False
Is 1867 prime?
True
Is 3863 a prime number?
True
Is 1379 prime?
False
Is 9901 a prime number?
True
Is 113279 a prime number?
True
Is 131693 composite?
True
Is 27941 a composite number?
False
Is 125735 composite?
True
Is 28697 a composite number?
False
Is 2557535 a composite number?
True
Is 113189 composite?
False
Is 466897 a composite number?
False
Is 247751 a prime number?
False
Is 256897 composite?
True
Is 273311 a composite number?
False
Is 12437 prime?
True
Is 4493 composite?
False
Is 6121 a composite number?
False
Is 221614 prime?
False
Is 2681 prime?
False
Is 1507 a prime number?
False
Is 7737 a prime number?
False
Is 702391 prime?
True
Is 112663 composite?
False
Is 2199 a composite number?
True
Is 2579 composite?
False
Is 26671 prime?
False
Is 5209 prime?
True
Is 9491 prime?
True
Is 892421 a prime number?
True
Is 16573 composite?
False
Is 498709 a composite number?
True
Is 6247 a composite number?
False
Is 71999 prime?
True
Is 783931 a prime number?
True
Is 13229 a prime number?
True
Is 13327 composite?
False
Is 532663 prime?
True
Is 2953 composite?
False
Is 27397 a prime number?
True
Is 21986 a prime number?
False
Is 104461 a composite number?
True
Is 5261 a prime number?
True
Is 159409 prime?
False
Is 11